{"id":1319,"date":"2021-11-21T15:14:19","date_gmt":"2021-11-21T15:14:19","guid":{"rendered":"http:\/\/www.luzcafilms.com\/index.php\/about\/"},"modified":"2024-03-18T18:32:36","modified_gmt":"2024-03-18T18:32:36","slug":"quienes-somos","status":"publish","type":"page","link":"https:\/\/www.luzcafilms.com\/index.php\/quienes-somos\/","title":{"rendered":"\u00bfQuienes somos?"},"content":{"rendered":"\t\t<div data-elementor-type=\"wp-page\" data-elementor-id=\"1319\" class=\"elementor elementor-1319\">\n\t\t\t\t\t\t<section class=\"elementor-section elementor-top-section elementor-element elementor-element-c8ddeb6 elementor-section-height-min-height elementor-section-boxed elementor-section-height-default elementor-section-items-middle\" data-id=\"c8ddeb6\" data-element_type=\"section\" data-settings=\"{&quot;background_background&quot;:&quot;classic&quot;}\">\n\t\t\t\t\t\t\t<div class=\"elementor-background-overlay\"><\/div>\n\t\t\t\t\t\t\t<div class=\"elementor-container elementor-column-gap-default\">\n\t\t\t\t\t<div class=\"elementor-column elementor-col-100 elementor-top-column elementor-element elementor-element-6a5337e\" data-id=\"6a5337e\" data-element_type=\"column\">\n\t\t\t<div class=\"elementor-widget-wrap elementor-element-populated\">\n\t\t\t\t\t\t<div class=\"elementor-element elementor-element-feefb6c elementor-widget elementor-widget-heading\" data-id=\"feefb6c\" data-element_type=\"widget\" data-widget_type=\"heading.default\">\n\t\t\t\t<div class=\"elementor-widget-container\">\n\t\t\t\t\t<h1 class=\"elementor-heading-title elementor-size-default\"><br>El Equipo<\/h1>\t\t\t\t<\/div>\n\t\t\t\t<\/div>\n\t\t\t\t\t<\/div>\n\t\t<\/div>\n\t\t\t\t\t<\/div>\n\t\t<\/section>\n\t\t\t\t<section class=\"elementor-section elementor-top-section elementor-element elementor-element-034f786 elementor-section-boxed elementor-section-height-default elementor-section-height-default\" data-id=\"034f786\" data-element_type=\"section\">\n\t\t\t\t\t\t<div class=\"elementor-container elementor-column-gap-default\">\n\t\t\t\t\t<div class=\"elementor-column elementor-col-100 elementor-top-column elementor-element elementor-element-ba0c118\" data-id=\"ba0c118\" data-element_type=\"column\">\n\t\t\t<div class=\"elementor-widget-wrap elementor-element-populated\">\n\t\t\t\t\t\t<div class=\"elementor-element elementor-element-3dc998b elementor-widget elementor-widget-heading\" data-id=\"3dc998b\" data-element_type=\"widget\" data-widget_type=\"heading.default\">\n\t\t\t\t<div class=\"elementor-widget-container\">\n\t\t\t\t\t<h4 class=\"elementor-heading-title elementor-size-small\">Somos grandes amigos con un sue\u00f1o en com\u00fan. Fue cosa de tiempo unir nuestras diversas experiencias y conocimientos para empezar a trabajar mano a mano en la maravillosa industria del cine. <\/h4>\t\t\t\t<\/div>\n\t\t\t\t<\/div>\n\t\t\t\t<div class=\"elementor-element elementor-element-59eaad8 elementor-widget-divider--view-line elementor-widget elementor-widget-divider\" data-id=\"59eaad8\" data-element_type=\"widget\" data-widget_type=\"divider.default\">\n\t\t\t\t<div class=\"elementor-widget-container\">\n\t\t\t\t\t\t\t<div class=\"elementor-divider\">\n\t\t\t<span class=\"elementor-divider-separator\">\n\t\t\t\t\t\t<\/span>\n\t\t<\/div>\n\t\t\t\t\t\t<\/div>\n\t\t\t\t<\/div>\n\t\t\t\t<section class=\"elementor-section elementor-inner-section elementor-element elementor-element-d762106 elementor-section-boxed elementor-section-height-default elementor-section-height-default\" data-id=\"d762106\" data-element_type=\"section\">\n\t\t\t\t\t\t<div class=\"elementor-container elementor-column-gap-custom\">\n\t\t\t\t\t<div class=\"elementor-column elementor-col-50 elementor-inner-column elementor-element elementor-element-08ec54c\" data-id=\"08ec54c\" data-element_type=\"column\">\n\t\t\t<div class=\"elementor-widget-wrap elementor-element-populated\">\n\t\t\t\t\t\t<div class=\"elementor-element elementor-element-2467b88 elementor-position-left elementor-vertical-align-top elementor-widget elementor-widget-image-box\" data-id=\"2467b88\" data-element_type=\"widget\" data-widget_type=\"image-box.default\">\n\t\t\t\t<div class=\"elementor-widget-container\">\n\t\t\t\t\t<div class=\"elementor-image-box-wrapper\"><figure class=\"elementor-image-box-img\"><img fetchpriority=\"high\" decoding=\"async\" width=\"2424\" height=\"2560\" src=\"https:\/\/www.luzcafilms.com\/wp-content\/uploads\/2023\/08\/IMG-2021-15-20-35.jpg1_-scaled.jpg\" class=\"attachment-full size-full wp-image-1461\" alt=\"\" srcset=\"https:\/\/www.luzcafilms.com\/wp-content\/uploads\/2023\/08\/IMG-2021-15-20-35.jpg1_-scaled.jpg 2424w, https:\/\/www.luzcafilms.com\/wp-content\/uploads\/2023\/08\/IMG-2021-15-20-35.jpg1_-284x300.jpg 284w, https:\/\/www.luzcafilms.com\/wp-content\/uploads\/2023\/08\/IMG-2021-15-20-35.jpg1_-970x1024.jpg 970w, https:\/\/www.luzcafilms.com\/wp-content\/uploads\/2023\/08\/IMG-2021-15-20-35.jpg1_-768x811.jpg 768w, https:\/\/www.luzcafilms.com\/wp-content\/uploads\/2023\/08\/IMG-2021-15-20-35.jpg1_-1454x1536.jpg 1454w, https:\/\/www.luzcafilms.com\/wp-content\/uploads\/2023\/08\/IMG-2021-15-20-35.jpg1_-1939x2048.jpg 1939w\" sizes=\"(max-width: 2424px) 100vw, 2424px\" \/><\/figure><div class=\"elementor-image-box-content\"><h3 class=\"elementor-image-box-title\">Gabriel Bucher<\/h3><p class=\"elementor-image-box-description\">Director, productor, camar\u00f3grafo y editor<span <\/p><\/div><\/div>\t\t\t\t<\/div>\n\t\t\t\t<\/div>\n\t\t\t\t<div class=\"elementor-element elementor-element-0992330 elementor-widget elementor-widget-text-editor\" data-id=\"0992330\" data-element_type=\"widget\" data-widget_type=\"text-editor.default\">\n\t\t\t\t<div class=\"elementor-widget-container\">\n\t\t\t\t\t\t\t\t\t<p class=\"font_8 wixui-rich-text__text\">Gabriel Bucher, actualmente radicado en Madrid, es un comunicador audiovisual titulado de la Universidad Santo Tom\u00e1s de Santiago de Chile. Tuvo una destacada carrera como bailar\u00edn solista del Ballet de Santiago de Chile, y al tiempo que iba dejando el ballet, se apasiona r\u00e1pidamente por mundo del cine.<\/p><p class=\"font_8 wixui-rich-text__text\">Durante sus a\u00f1os universitarios, Gabriel destac\u00f3 con el documental \u00abPersiguiendo Hadas &#8211; 50 a\u00f1os del Ballet de Santiago\u00bb. Su trabajo se consolid\u00f3 en 2018 con el cortometraje \u00abAli\u00bb y el documental \u00abOcultos\u00bb, este \u00faltimo recibiendo una menci\u00f3n honrosa en el festival internacional de cine INEDIT y el premio al mejor cortometraje en el FINE ART FILM FESTIVAL en California.<\/p><p class=\"font_8 wixui-rich-text__text\">En 2020, Gabriel estren\u00f3 el cortometraje de comedia rom\u00e1ntica y realismo m\u00e1gico, \u00abMandarina\u00bb, como proyecto de fin de estudio. En su b\u00fasqueda por seguir perfeccion\u00e1ndose en el \u00e1mbito audiovisual, realiza un m\u00e1ster en producci\u00f3n de cine en la prestigiosa escuela TAI en Madrid.<\/p><p class=\"font_8 wixui-rich-text__text\">Desde 2021, Gabriel Bucher impulsa LUZCA FILMS, su propia productora audiovisual. En 2023, dio un paso significativo con su opera prima, el cortometraje \u00abKintsugi\u00bb.<\/p>\t\t\t\t\t\t\t\t<\/div>\n\t\t\t\t<\/div>\n\t\t\t\t\t<\/div>\n\t\t<\/div>\n\t\t\t\t<div class=\"elementor-column elementor-col-50 elementor-inner-column elementor-element elementor-element-d30d7a1\" data-id=\"d30d7a1\" data-element_type=\"column\">\n\t\t\t<div class=\"elementor-widget-wrap elementor-element-populated\">\n\t\t\t\t\t\t<div class=\"elementor-element elementor-element-7552cf2 elementor-position-left elementor-vertical-align-top elementor-widget elementor-widget-image-box\" data-id=\"7552cf2\" data-element_type=\"widget\" data-widget_type=\"image-box.default\">\n\t\t\t\t<div class=\"elementor-widget-container\">\n\t\t\t\t\t<div class=\"elementor-image-box-wrapper\"><figure class=\"elementor-image-box-img\"><img decoding=\"async\" width=\"150\" height=\"150\" src=\"https:\/\/www.luzcafilms.com\/wp-content\/uploads\/2024\/02\/WhatsApp-Image-2024-02-05-at-19.34.30-150x150.jpeg\" class=\"attachment-thumbnail size-thumbnail wp-image-2142\" alt=\"\" \/><\/figure><div class=\"elementor-image-box-content\"><h3 class=\"elementor-image-box-title\">Stephan Eitner<\/h3><p class=\"elementor-image-box-description\">Guionista, Productor, Direcci\u00f3n de actores <\/p><\/div><\/div>\t\t\t\t<\/div>\n\t\t\t\t<\/div>\n\t\t\t\t<div class=\"elementor-element elementor-element-85c6045 elementor-widget elementor-widget-text-editor\" data-id=\"85c6045\" data-element_type=\"widget\" data-widget_type=\"text-editor.default\">\n\t\t\t\t<div class=\"elementor-widget-container\">\n\t\t\t\t\t\t\t\t\t<p>Actor graduado de la Escuela de Teatro de la Universidad Cat\u00f3lica de Chile, con estudios avanzados en el m\u00e9todo Meisner realizados en la Escuela Internacional de Cine y TV en Cuba. En el a\u00f1o 2021, obtuvo el t\u00edtulo de m\u00e1ster en guion de cine, series de TV y dramaturgia de la Universidad Aut\u00f3noma de Madrid. Su trayectoria abarca experiencias en teatro, ficci\u00f3n y televisi\u00f3n. Ha entrenado con destacados profesionales de las artes esc\u00e9nicas, como Alfredo Castro (actor y director), Tomislav English (bailar\u00edn), Thomas Richards (director del Workcenter Jerzy Grotowski), Claudio Tolcachir (actor y director), Juan Carlos Corazza (coach de actores), Amanda Brennan (coach de actores), entre otros. Adem\u00e1s, ha recibido una s\u00f3lida formaci\u00f3n de reconocidos exponentes en el \u00e1mbito del guion y dramaturgia, tales como Juan Radrig\u00e1n (Chile), Jos\u00e9 Sanchis Sinisterra (Espa\u00f1a) y Alicia Luna (Espa\u00f1a), quienes han contribuido significativamente a su desarrollo como creador y narrador.<\/p>\t\t\t\t\t\t\t\t<\/div>\n\t\t\t\t<\/div>\n\t\t\t\t\t<\/div>\n\t\t<\/div>\n\t\t\t\t\t<\/div>\n\t\t<\/section>\n\t\t\t\t\t<\/div>\n\t\t<\/div>\n\t\t\t\t\t<\/div>\n\t\t<\/section>\n\t\t\t\t<\/div>\n\t\t","protected":false},"excerpt":{"rendered":"<p>El Equipo Somos grandes amigos con un sue\u00f1o en com\u00fan. Fue cosa de tiempo unir nuestras diversas experiencias y conocimientos para empezar a trabajar mano a mano en la maravillosa industria del cine. Gabriel Bucher Director, productor, camar\u00f3grafo y editor Gabriel Bucher, actualmente radicado en Madrid, es un comunicador audiovisual titulado de la Universidad Santo [&hellip;]<\/p>\n","protected":false},"author":1,"featured_media":0,"parent":0,"menu_order":0,"comment_status":"closed","ping_status":"open","template":"","meta":{"site-sidebar-layout":"no-sidebar","site-content-layout":"page-builder","ast-site-content-layout":"default","site-content-style":"default","site-sidebar-style":"default","ast-global-header-display":"","ast-banner-title-visibility":"","ast-main-header-display":"","ast-hfb-above-header-display":"","ast-hfb-below-header-display":"","ast-hfb-mobile-header-display":"","site-post-title":"disabled","ast-breadcrumbs-content":"","ast-featured-img":"disabled","footer-sml-layout":"","theme-transparent-header-meta":"enabled","adv-header-id-meta":"","stick-header-meta":"","header-above-stick-meta":"","header-main-stick-meta":"","header-below-stick-meta":"","astra-migrate-meta-layouts":"default","ast-page-background-enabled":"default","ast-page-background-meta":{"desktop":{"background-color":"var(--ast-global-color-4)","background-image":"","background-repeat":"repeat","background-position":"center center","background-size":"auto","background-attachment":"scroll","background-type":"","background-media":"","overlay-type":"","overlay-color":"","overlay-opacity":"","overlay-gradient":""},"tablet":{"background-color":"","background-image":"","background-repeat":"repeat","background-position":"center center","background-size":"auto","background-attachment":"scroll","background-type":"","background-media":"","overlay-type":"","overlay-color":"","overlay-opacity":"","overlay-gradient":""},"mobile":{"background-color":"","background-image":"","background-repeat":"repeat","background-position":"center center","background-size":"auto","background-attachment":"scroll","background-type":"","background-media":"","overlay-type":"","overlay-color":"","overlay-opacity":"","overlay-gradient":""}},"ast-content-background-meta":{"desktop":{"background-color":"var(--ast-global-color-5)","background-image":"","background-repeat":"repeat","background-position":"center center","background-size":"auto","background-attachment":"scroll","background-type":"","background-media":"","overlay-type":"","overlay-color":"","overlay-opacity":"","overlay-gradient":""},"tablet":{"background-color":"var(--ast-global-color-5)","background-image":"","background-repeat":"repeat","background-position":"center center","background-size":"auto","background-attachment":"scroll","background-type":"","background-media":"","overlay-type":"","overlay-color":"","overlay-opacity":"","overlay-gradient":""},"mobile":{"background-color":"var(--ast-global-color-5)","background-image":"","background-repeat":"repeat","background-position":"center center","background-size":"auto","background-attachment":"scroll","background-type":"","background-media":"","overlay-type":"","overlay-color":"","overlay-opacity":"","overlay-gradient":""}},"footnotes":""},"class_list":["post-1319","page","type-page","status-publish","hentry"],"_links":{"self":[{"href":"https:\/\/www.luzcafilms.com\/index.php\/wp-json\/wp\/v2\/pages\/1319","targetHints":{"allow":["GET"]}}],"collection":[{"href":"https:\/\/www.luzcafilms.com\/index.php\/wp-json\/wp\/v2\/pages"}],"about":[{"href":"https:\/\/www.luzcafilms.com\/index.php\/wp-json\/wp\/v2\/types\/page"}],"author":[{"embeddable":true,"href":"https:\/\/www.luzcafilms.com\/index.php\/wp-json\/wp\/v2\/users\/1"}],"replies":[{"embeddable":true,"href":"https:\/\/www.luzcafilms.com\/index.php\/wp-json\/wp\/v2\/comments?post=1319"}],"version-history":[{"count":64,"href":"https:\/\/www.luzcafilms.com\/index.php\/wp-json\/wp\/v2\/pages\/1319\/revisions"}],"predecessor-version":[{"id":2522,"href":"https:\/\/www.luzcafilms.com\/index.php\/wp-json\/wp\/v2\/pages\/1319\/revisions\/2522"}],"wp:attachment":[{"href":"https:\/\/www.luzcafilms.com\/index.php\/wp-json\/wp\/v2\/media?parent=1319"}],"curies":[{"name":"wp","href":"https:\/\/api.w.org\/{rel}","templated":true}]}}

<div data-elementor-type="wp-page" data-elementor-id="1319" class="elementor elementor-1319">
						<section class="elementor-section elementor-top-section elementor-element elementor-element-c8ddeb6 elementor-section-height-min-height elementor-section-boxed elementor-section-height-default elementor-section-items-middle" data-id="c8ddeb6" data-element_type="section" data-settings="{&quot;background_background&quot;:&quot;classic&quot;}">
							<div class="elementor-background-overlay"></div>
							<div class="elementor-container elementor-column-gap-default">
					<div class="elementor-column elementor-col-100 elementor-top-column elementor-element elementor-element-6a5337e" data-id="6a5337e" data-element_type="column">
			<div class="elementor-widget-wrap elementor-element-populated">
						<div class="elementor-element elementor-element-feefb6c elementor-widget elementor-widget-heading" data-id="feefb6c" data-element_type="widget" data-widget_type="heading.default">
				<div class="elementor-widget-container">
					<h1 class="elementor-heading-title elementor-size-default"><br>El Equipo</h1>				</div>
				</div>
					</div>
		</div>
					</div>
		</section>
				<section class="elementor-section elementor-top-section elementor-element elementor-element-034f786 elementor-section-boxed elementor-section-height-default elementor-section-height-default" data-id="034f786" data-element_type="section">
						<div class="elementor-container elementor-column-gap-default">
					<div class="elementor-column elementor-col-100 elementor-top-column elementor-element elementor-element-ba0c118" data-id="ba0c118" data-element_type="column">
			<div class="elementor-widget-wrap elementor-element-populated">
						<div class="elementor-element elementor-element-3dc998b elementor-widget elementor-widget-heading" data-id="3dc998b" data-element_type="widget" data-widget_type="heading.default">
				<div class="elementor-widget-container">
					<h4 class="elementor-heading-title elementor-size-small">Somos grandes amigos con un sueño en común. Fue cosa de tiempo unir nuestras diversas experiencias y conocimientos para empezar a trabajar mano a mano en la maravillosa industria del cine. </h4>				</div>
				</div>
				<div class="elementor-element elementor-element-59eaad8 elementor-widget-divider--view-line elementor-widget elementor-widget-divider" data-id="59eaad8" data-element_type="widget" data-widget_type="divider.default">
				<div class="elementor-widget-container">
							<div class="elementor-divider">
			<span class="elementor-divider-separator">
						</span>
		</div>
						</div>
				</div>
				<section class="elementor-section elementor-inner-section elementor-element elementor-element-d762106 elementor-section-boxed elementor-section-height-default elementor-section-height-default" data-id="d762106" data-element_type="section">
						<div class="elementor-container elementor-column-gap-custom">
					<div class="elementor-column elementor-col-50 elementor-inner-column elementor-element elementor-element-08ec54c" data-id="08ec54c" data-element_type="column">
			<div class="elementor-widget-wrap elementor-element-populated">
						<div class="elementor-element elementor-element-2467b88 elementor-position-left elementor-vertical-align-top elementor-widget elementor-widget-image-box" data-id="2467b88" data-element_type="widget" data-widget_type="image-box.default">
				<div class="elementor-widget-container">
					<div class="elementor-image-box-wrapper"><figure class="elementor-image-box-img"><img fetchpriority="high" decoding="async" width="2424" height="2560" src="https://www.luzcafilms.com/wp-content/uploads/2023/08/IMG-2021-15-20-35.jpg1_-scaled.jpg" class="attachment-full size-full wp-image-1461" alt="" srcset="https://www.luzcafilms.com/wp-content/uploads/2023/08/IMG-2021-15-20-35.jpg1_-scaled.jpg 2424w, https://www.luzcafilms.com/wp-content/uploads/2023/08/IMG-2021-15-20-35.jpg1_-284x300.jpg 284w, https://www.luzcafilms.com/wp-content/uploads/2023/08/IMG-2021-15-20-35.jpg1_-970x1024.jpg 970w, https://www.luzcafilms.com/wp-content/uploads/2023/08/IMG-2021-15-20-35.jpg1_-768x811.jpg 768w, https://www.luzcafilms.com/wp-content/uploads/2023/08/IMG-2021-15-20-35.jpg1_-1454x1536.jpg 1454w, https://www.luzcafilms.com/wp-content/uploads/2023/08/IMG-2021-15-20-35.jpg1_-1939x2048.jpg 1939w" sizes="(max-width: 2424px) 100vw, 2424px" /></figure><div class="elementor-image-box-content"><h3 class="elementor-image-box-title">Gabriel Bucher</h3><p class="elementor-image-box-description">Director, productor, camarógrafo y editor<span </p></div></div>				</div>
				</div>
				<div class="elementor-element elementor-element-0992330 elementor-widget elementor-widget-text-editor" data-id="0992330" data-element_type="widget" data-widget_type="text-editor.default">
				<div class="elementor-widget-container">
									<p class="font_8 wixui-rich-text__text">Gabriel Bucher, actualmente radicado en Madrid, es un comunicador audiovisual titulado de la Universidad Santo Tomás de Santiago de Chile. Tuvo una destacada carrera como bailarín solista del Ballet de Santiago de Chile, y al tiempo que iba dejando el ballet, se apasiona rápidamente por mundo del cine.</p><p class="font_8 wixui-rich-text__text">Durante sus años universitarios, Gabriel destacó con el documental «Persiguiendo Hadas &#8211; 50 años del Ballet de Santiago». Su trabajo se consolidó en 2018 con el cortometraje «Ali» y el documental «Ocultos», este último recibiendo una mención honrosa en el festival internacional de cine INEDIT y el premio al mejor cortometraje en el FINE ART FILM FESTIVAL en California.</p><p class="font_8 wixui-rich-text__text">En 2020, Gabriel estrenó el cortometraje de comedia romántica y realismo mágico, «Mandarina», como proyecto de fin de estudio. En su búsqueda por seguir perfeccionándose en el ámbito audiovisual, realiza un máster en producción de cine en la prestigiosa escuela TAI en Madrid.</p><p class="font_8 wixui-rich-text__text">Desde 2021, Gabriel Bucher impulsa LUZCA FILMS, su propia productora audiovisual. En 2023, dio un paso significativo con su opera prima, el cortometraje «Kintsugi».</p>								</div>
				</div>
					</div>
		</div>
				<div class="elementor-column elementor-col-50 elementor-inner-column elementor-element elementor-element-d30d7a1" data-id="d30d7a1" data-element_type="column">
			<div class="elementor-widget-wrap elementor-element-populated">
						<div class="elementor-element elementor-element-7552cf2 elementor-position-left elementor-vertical-align-top elementor-widget elementor-widget-image-box" data-id="7552cf2" data-element_type="widget" data-widget_type="image-box.default">
				<div class="elementor-widget-container">
					<div class="elementor-image-box-wrapper"><figure class="elementor-image-box-img"><img decoding="async" width="150" height="150" src="https://www.luzcafilms.com/wp-content/uploads/2024/02/WhatsApp-Image-2024-02-05-at-19.34.30-150x150.jpeg" class="attachment-thumbnail size-thumbnail wp-image-2142" alt="" /></figure><div class="elementor-image-box-content"><h3 class="elementor-image-box-title">Stephan Eitner</h3><p class="elementor-image-box-description">Guionista, Productor, Dirección de actores </p></div></div>				</div>
				</div>
				<div class="elementor-element elementor-element-85c6045 elementor-widget elementor-widget-text-editor" data-id="85c6045" data-element_type="widget" data-widget_type="text-editor.default">
				<div class="elementor-widget-container">
									<p>Actor graduado de la Escuela de Teatro de la Universidad Católica de Chile, con estudios avanzados en el método Meisner realizados en la Escuela Internacional de Cine y TV en Cuba. En el año 2021, obtuvo el título de máster en guion de cine, series de TV y dramaturgia de la Universidad Autónoma de Madrid. Su trayectoria abarca experiencias en teatro, ficción y televisión. Ha entrenado con destacados profesionales de las artes escénicas, como Alfredo Castro (actor y director), Tomislav English (bailarín), Thomas Richards (director del Workcenter Jerzy Grotowski), Claudio Tolcachir (actor y director), Juan Carlos Corazza (coach de actores), Amanda Brennan (coach de actores), entre otros. Además, ha recibido una sólida formación de reconocidos exponentes en el ámbito del guion y dramaturgia, tales como Juan Radrigán (Chile), José Sanchis Sinisterra (España) y Alicia Luna (España), quienes han contribuido significativamente a su desarrollo como creador y narrador.</p>								</div>
				</div>
					</div>
		</div>
					</div>
		</section>
					</div>
		</div>
					</div>
		</section>
				</div>

<p>El Equipo Somos grandes amigos con un sueño en común. Fue cosa de tiempo unir nuestras diversas experiencias y conocimientos para empezar a trabajar mano a mano en la maravillosa industria del cine. Gabriel Bucher Director, productor, camarógrafo y editor Gabriel Bucher, actualmente radicado en Madrid, es un comunicador audiovisual titulado de la Universidad Santo [&hellip;]</p>
